-5
Let w(z) = z - 8. Let p(x) = -x**3 - 3*x**2 + 6. Let k be p(-3). What is w(k)?
-2
Suppose 0 = 10*x - 14*x - 12. Let l(a) be the third derivative of a**4/12 + a**3/2 + a**2. Calculate l(x).
-3
Let t(h) be the second derivative of 0 + 3*h - 3/2*h**2 + 1/2*h**3 + 1/30*h**5 - 5/24*h**4. Let l(u) be the first derivative of t(u). Calculate l(3).
6
Let c(z) = -z + 10. Let p be c(7). Suppose 0 = p*y + 2*y - 4*h - 4, -2*y = -5*h - 5. Let m(k) = k - 2. Give m(y).
-2
Let h(p) = 21*p**3 - 9*p**2 + 5*p + 2. Let l(d) = -10*d**3 + 4*d**2 - 2*d - 1. Let u(b) = -2*h(b) - 5*l(b). Let v be (2/4*1)/(3/(-6)). What is u(v)?
-9
Let j(g) be the second derivative of 3*g**2 + 9*g - 1/6*g**3 + 0. Calculate j(5).
1
Let d be -1 - (-1 + -1 + -2). Suppose 1 = 2*j - d. Let s(o) = 3 + 2*o - o**3 + 0*o**3 + 3*o**2 - 5*o**j. Calculate s(-2).
-1
Suppose 15 = 3*i + 2*i. Let s(g) = -2*g - i*g + 5 + g**2 - g. Give s(5).
0
Let m(r) = -r + 1. Let g(s) = 6. Let t(u) = g(u) - 5*m(u). Determine t(-1).
-4
Let h be 6/2 - (0 + -1). Suppose -h*j - j - 10 = 0. Let f be 35/14 + j/(-4). Let l(s) = 3*s - 1. What is l(f)?
8
Let q(j) be the second derivative of -j**4/12 + j**3/2 - j. Suppose 2 = -2*v - 2*f, -2*f - 19 = -5*v - f. Suppose v*u - 14 = 1. Give q(u).
-10
Let s be (9 - 2)*(-8)/(-28). Let x(u) = 1 - 7*u**s - 4*u**3 - u + 4 - 6*u + 3*u**3. Determine x(-6).
11
Let w(k) = k**3 - k + 1. Let a(f) = -3*f**3 - 12*f**2 - 9*f - 3. Let t(i) = -a(i) - 2*w(i). What is t(-11)?
1
Suppose o + 1 + 1 = 0. Let m = o + 7. Let u(c) = -c**3 + 17 + 5*c**2 - 16 - 8 + 2*c. Give u(m).
3
Let c(t) be the second derivative of -t**5/20 - t**4/6 + t**3/3 + t**2/2 - 12*t. Calculate c(-3).
4
Let j = 15 - 2. Let t(o) = o**2 + 13*o + 12. Let h(i) = -2*i**2 - 27*i - 25. Let y(z) = j*t(z) + 6*h(z). Determine y(-4).
-6
Let n(b) = -46 + b**2 + 91 - 49 + 0*b**2 - b. Suppose -2*m + 2 = 2*d - 8, -2*m + 2*d = 10. Give n(m).
-4
Let h(s) be the third derivative of s**8/4032 - s**6/720 + s**5/12 + 2*s**2. Let d(q) be the third derivative of h(q). Give d(-1).
4
Let d(j) be the first derivative of -j**3/3 - j**2 + 5*j - 2. Let c(b) be the first derivative of d(b). Give c(-4).
6
Let v(g) = -g**3 + g**2 + 3. Let m = 7 - 11. Let f(q) = -q**3 - 4*q**2 - q - 4. Let i be f(m). Calculate v(i).
3
Let o(h) = -2*h + 2. Let r be (64/14 + -4)/(6/(-21)). Give o(r).
6
Let a(x) be the second derivative of -x**4/12 + 4*x**3/3 - 3*x**2/2 - 6*x. Give a(4).
13
Suppose 0 = 5*j - 5 - 0. Suppose -i = 4*m - 4*i - j, m = -4*i - 14. Let x(y) be the third derivative of y**4/6 + y**3/2 - 2*y**2. What is x(m)?
-5
Let c be (-12)/(-14) + (-108)/28. Let j(l) = -7*l. Give j(c).
21
Let i(d) = -d**2 - 7*d - 5. Let h(j) = 4*j - 10*j + 5*j. Let l be h(4). Calculate i(l).
7
Let d(z) = 0 - 2 + 3 + z - 2*z - z**3. Let h(f) be the first derivative of -f**4 + 5*f**3/3 + f**2 + 3*f - 1. Let g(k) = 3*d(k) - h(k). Determine g(6).
6
Let y(x) = x**3 - 4*x**2 + 1. Let w be y(4). Suppose 0 = -5*h - m - w, 5*m - 23 = 3*h - 0*m. Let p(i) = -i + 3*i**3 + i - 1. Calculate p(h).
-4
Let z(b) = 5*b - 6. Let h(u) = 4*u - 5. Let q(p) = 7*h(p) - 6*z(p). What is q(3)?
-5
Let w(g) = -g**3 - 3*g**2 - g + 2. Let d be 4/5 + (-437)/115. What is w(d)?
5
Suppose o = 5*o + 24. Let s(j) be the third derivative of -j**5/60 - j**4/3 - j**3/6 + 8*j**2. Determine s(o).
11
Let n(q) = -7*q**2 + 2*q - 6. Let b(m) = 6*m**2 - m + 5. Let k(w) = -6*b(w) - 5*n(w). Determine k(-5).
-5
Suppose -2*c + 6 = -2*q - 5*c, -4*q - 5*c - 8 = 0. Suppose 0 = -2*r + q*r + 3. Let k(a) be the second derivative of -a**3/6 - 7*a**2/2 + a. What is k(r)?
-4
Let y(b) = -3 + 4*b - 2*b**2 + 2 - 3*b. Let a(w) = w**3 - 4*w**2 - 6*w + 6. Let k be a(5). What is y(k)?
-2
Suppose 5*n + 0*n = 5. Let p(q) = -q + 1 - n. Let v be 6*8/(-12) + 3. What is p(v)?
1
Let c(p) = p**2 + 6*p + 3. Let m(y) = -y - 8. Suppose 3*k + 2 + 10 = 0. Let o be m(k). What is c(o)?
-5
Suppose -5*x + 1 = 2*f - 33, 32 = 5*x + f. Let i(s) = 671 - 672 - 8*s**2 + s**3 + s + 2*s**2. Give i(x).
5
Let y = 8 - 6. Let l(v) = 2 - 1 - y*v - 3 - 2*v**2 - v**2. Calculate l(-2).
-10
Let j(q) = -q**3 - 5*q**2 - 5*q + 1. Let n be j(-4). Let i = 12 - n. Suppose -3*v - i = -1. Let y(r) = -r**3 + 2*r - 1. Determine y(v).
3
Let w(n) be the first derivative of -2*n**3/3 + n**2 - 2*n + 6. Determine w(2).
-6
Let h(q) = 1. Let k(r) = -r. Let a(z) = h(z) + k(z). What is a(3)?
-2
Let s = -3 - -2. Let c(q) be the first derivative of q**2/2 + q - 3. Let p(g) = 4*g + 5. Let k(b) = s*p(b) + 5*c(b). Calculate k(4).
4
Let c be (-1 - -1)/(1 - -1). Let b(i) = 3*i - 3 + i**2 + 2 + c*i. Suppose 2*l = 5*o - 19, -o - o + 4 = l. What is b(l)?
-3
Let x be 2*(1 - -7)/1. Let j = x + -11. Let f(o) = o**2 - 3*o - 6. Give f(j).
4
Let f(s) = -s**3 + 8*s**2 - 2*s + 3. Let b(n) = -2*n**3 + 17*n**2 - 4*n + 6. Let m(a) = 2*b(a) - 5*f(a). Calculate m(6).
9
Let c(k) be the second derivative of -k**5/20 + k**4/12 + k**3/6 - 7*k. What is c(0)?
0
Let u = -23 - -43. Suppose 5 = o - 5*l - 8, 4*o = 4*l + u. Let v(y) = -y + 6. Calculate v(o).
3
Let n(k) be the third derivative of -k**5/60 - k**4/24 + 5*k**3/6 - 4*k**2. Let y(g) = -g + 3. Let x be y(7). Calculate n(x).
-7
Suppose 4*u + u = 20, 0 = -z + 5*u - 19. Let t(b) be the first derivative of -5*b**4/4 - b**2 + b - 2. Determine t(z).
-6
Let t(z) be the second derivative of -z**6/360 + z**5/20 + z**4/24 - z**3/6 - 3*z. Let v(j) be the second derivative of t(j). Calculate v(6).
1
Let h = 0 - -3. Suppose 16 = -h*n - n. Let a(b) = -2 + 3*b + 2 + b**2 + 2. Determine a(n).
6
Let f(c) = c**2 - 13*c - 4. Let u be f(13). Let g(p) = p**3 + 4*p**2 + p. What is g(u)?
-4
Suppose -3*t + x = -18, 2*t + 5 = x + 16. Let u(j) = -j + 3. What is u(t)?
-4
Let f(z) = -z**2 + 7*z + 6. Suppose -5*t = -6*t + 5. Calculate f(t).
16
Let w(p) = 6*p**2 - 6*p + 11. Let t(q) = -5*q**2 + 5*q - 10. Let n(s) = -7*t(s) - 6*w(s). Determine n(0).
4
Let j(d) = -12*d + 8 - 8 - 2*d**3 + 12*d**2 + d**3 + 8. Let o be j(11). Let u(v) = -3*v + 3. Give u(o).
12
Let j(g) be the third derivative of g**4/24 + g**3/2 + 25*g**2. What is j(0)?
3
Let l be ((-1)/2)/((-3)/24). Let u = l - 3. Let z(t) = 14*t + 1 - 60*t + 19*t + 18*t. What is z(u)?
-8
Suppose -3*i - 2*a = -7*i + 64, -4*a - 44 = -2*i. Let t(w) = -i*w - 3 + 11*w + 0. Let g(d) = d. Let s be g(-3). Calculate t(s).
6
Let n(m) = m**2 + m - 17. Let c be n(-5). Let j(w) = -2*w - 1. Determine j(c).
-7
Let w(u) = 2*u**2 - 4*u + 1. Let t = -41 + 45. What is w(t)?
17
Let k(j) = -j - 5. Let n(o) = o**3 - 7*o**2 - o + 1. Let v be (-120)/(-18) - 1/(-3). Let g be n(v). What is k(g)?
1
Let u(p) = -7*p**2 + 12*p + 1. Let m(d) = 6*d**2 - 11*d - 1. Let w(s) = -6*m(s) - 5*u(s). What is w(5)?
6
Let x(b) be the first derivative of 1/3*b**3 - 1 + 3*b**2 - 2*b. Calculate x(-5).
-7
Let r = 9 - 7. Let g(f) = -2*f**3 + 2*f + 3*f**3 + 2 + 0*f**2 - f**r + 4*f**2. Determine g(-2).
2
Suppose -4*r + 3 = -1. Suppose 5*s + 6 = r. Let v(z) = -z**3 - 2*z**2 + 1. Calculate v(s).
0
Let g(v) = -v**3 + 6*v**2 + 7*v + 2. Let r be g(7). Let f be (2/3)/((-2)/(-12)). Let s(a) = f + 1 - 11*a**r + a - 4. Determine s(-1).
-11
Suppose 0 = -5*f + 2*p + 2, 0*p = 5*f - 3*p - 3. Let r(h) be the second derivative of -h + h**2 + f - 1/6*h**3. Give r(-3).
5
Let h(c) be the second derivative of -c**3/6 - 7*c**2/2 - 9*c. What is h(-5)?
-2
Suppose -3*r = 10 + 5. Let t(b) = b**3 + 7*b**2 + 3*b + 1. Let w(k) = -k**2 - k + 1. Let z(u) = t(u) + 2*w(u). Determine z(r).
-2
Let m(r) = -r**3 - 3*r**2 + 5*r + 6. Let w be m(-4). Let v(s) be the second derivative of 0 - 1/2*s**2 - 1/6*s**3 - w*s. What is v(-4)?
3
Let n(g) = 7*g - 1. Let t(z) = 7*z - 1. Let c(y) = 6*n(y) - 5*t(y). Determine c(-2).
-15
Let p(c) be the second derivative of -c**5/10 + c**4/4 - 20*c. Suppose -4*a + 9 - 1 = 0. What is p(a)?
-4
Suppose h = 2*h - 2. Suppose u + 3 + h = 0. Let x be (12/(-15) - 0)*u. Let d(o) = -o**3 + 5*o**2 - 4*o - 5. Give d(x).
-5
Let w(f) = 3*f - 3 - 4 - 2*f + 4. What is w(4)?
1
Let z(v) be the third derivative of 5/24*v**4 + 0*v**3 - 3*v**2 + 0 - 1/60*v**5 + 0*v. Calculate z(4).
4
Let r(o) = o + 7. Let z be r(8). Let d(j) = -15*j - 4 + z*j + j**2. Determine d(0).
-4
Let n(z) = -2*z**2 + 3*z + 4. Let w be ((-10)/(-3))/((-2)/(-3)). Suppose -5*v + w + 10 = 0. Determine n(v).
-5
Let y be 3/((15/8)/(-5)). Let l = y - -7. Let w(j) =